 2*c + 5*n = -56, -3*n = 5*c - p. List the prime factors of c.
3, 11
Suppose -i = -3*m + 734, 3*i - 6 = -12. List the prime factors of m.
2, 61
Let s be (14 - 2)*342/(-72). Let v = 21 + -108. Let u = s - v. What are the prime factors of u?
2, 3, 5
Suppose -3*r = 315 + 42. Let m = 289 + r. What are the prime factors of m?
2, 5, 17
Let x = 7 + -11. Let b be (-28)/(-8)*x/(-7). List the prime factors of (-3 - 0/b) + 13.
2, 5
Suppose 4*u - 15*x = -14*x + 4458, 3*u - 3332 = -5*x. List the prime factors of u.
2, 557
Suppose -68*t = -91*t + 60076. What are the prime factors of t?
2, 653
What are the prime factors of 17/34 - (-4 - (-5085)/(-6))?
2, 3, 71
List the prime factors of 186/((-16)/640 - 2/(-5)).
2, 31
Suppose 3*s - 5*i = -1, 7*s - 22 = 3*s - 5*i. List the prime factors of 18/15*160/s.
2
Let f(c) = c - 5. Let h be f(11). Let o be (-3)/h - 9/(-2). What are the prime factors of 191/4 - (-1)/o?
2, 3
Let c be -8*(-2 - (1 + 37)). Let j(p) = 6*p**2 + 4*p + 2. Let l be j(-2). What are the prime factors of c/6 - 6/l?
53
Suppose 2*h + h - 9 = 5*v, -4 = -2*v + 5*h. Let u(m) = 4*m**2 + 2. Let s be u(v). Suppose -s = 2*b - 116. List the prime factors of b.
3, 13
Let k be (-1)/(-5 - 3052/(-610)). Let i = -211 - k. List the prime factors of i.
2, 47
Suppose -2*f = -5 - 3, 2*f - 948 = -4*a. List the prime factors of a.
5, 47
Let v(q) be the first derivative of 2*q**2 + 61*q - 27. What are the prime factors of v(6)?
5, 17
What are the prime factors of 13566/18 - 10/15?
3, 251
Let x(l) = -528*l - 143. What are the prime factors of x(-6)?
5, 11
Let p(h) = h**3 + 4*h**2 - h - 2. Let a be p(-4). Let o = 36 + -47. Let m = a - o. List the prime factors of m.
13
Let n(u) = -62*u - 36. What are the prime factors of n(-11)?
2, 17, 19
Let y(s) = s**3 + 6*s**2 + 3*s. Let k be y(-3). Let c(g) = g**3 - 5*g**2 - 12*g - 12. Let a be c(7). Suppose a*l + 0 - k = 0. What are the prime factors of l?
3
Suppose -3*p + 4*p - 5 = 0. Suppose 0*c = -4*c + p*a - 367, -4*c + 3*a - 377 = 0. Let s = c + 139. List the prime factors of s.
41
List the prime factors of 246/4*(-1600)/(-48).
2, 5, 41
Suppose -t = 4*r - 318, 3*r = t - 113 - 233. Suppose 0 = 3*w + 4*h - 522, w - 2*h - t = -w. What are the prime factors of w?
2, 5, 17
Let j(d) = d**2 - 15*d + 25. List the prime factors of j(-8).
11, 19
Let i(x) = -120*x + 236. What are the prime factors of i(-8)?
2, 13, 23
Let a be 28/6*(-576)/(-12). Suppose 4*m = l + l + a, 0 = -l - 2. List the prime factors of m.
5, 11
Let y(t) = 2*t**2 - 2*t + 81. Let j(b) = b**2 - b + 40. Let i(c) = 5*j(c) - 2*y(c). What are the prime factors of i(0)?
2, 19
Let n(x) = -x**3 + 7*x**2 - 5*x - 2. Let y be n(7). Let g = y + 82. List the prime factors of g.
3, 5
Let y = -21 + 28. Suppose -y*n = -137 - 248. List the prime factors of n.
5, 11
Let l(q) = 26*q + 3 - 1 + 10*q**2 - 1 - 23*q. List the prime factors of l(2).
47
Let u(q) = -782*q - 23. List the prime factors of u(-2).
23, 67
Let j be 0/(4 + -1) + 0. Let h be 21 + -3 - (j - 0). Let g = h + -15. List the prime factors of g.
3
Let h(o) = 2*o + 22. Let l = 13 + -25. Let t(y) = y + 9. Let z(b) = l*t(b) + 5*h(b). List the prime factors of z(-8).
2, 3
Suppose 0 = -a + 3, 4*a - 51 = -m + 558. What are the prime factors of m?
3, 199
Let w(t) be the third derivative of -1/6*t**3 + t**2 - 1/8*t**4 + 0 + 11/60*t**5 + 0*t. What are the prime factors of w(-1)?
13
Let p be ((0 - 0) + -1)*1. Suppose 33 = -0*w - 11*w. List the prime factors of 3/p*w - 0.
3
Suppose 24*m - 100 = 23*m - 4*d, -4*m + 436 = 4*d. What are the prime factors of m?
2, 7
Let x = -1261 - -2822. List the prime factors of x.
7, 223
Suppose -4*p - 324 = 4*x + 4, 4*x - 4*p = -312. Suppose -5*q = 15, -51 = 6*o - o - 3*q. List the prime factors of (-27)/o*x/(-6).
2, 3, 5
What are the prime factors of -6 + (3802 - (2 - 12/(-4)))?
17, 223
Let q(g) = 8*g**2 - 43. List the prime factors of q(6).
5, 7
Let d(a) = -a**2 - 8*a + 6. Let f be d(-8). List the prime factors of (-22)/4*f*(3 + -8).
3, 5, 11
Suppose -m - 9950 = -5*u, -2*u + u + 2014 = -5*m. List the prime factors of u.
3, 13, 17
Suppose -15 = -2*x - 7. Suppose 0 = q - 0*q + 4*t - 32, -4*q + 111 = -t. Suppose 0 = -2*o - 3*i + i + q, 50 = x*o + i. What are the prime factors of o?
2, 3
Let n(m) = -m**3 - 19*m**2 - 64*m + 13. List the prime factors of n(-21).
2239
Let k(x) = 3*x**2 - 39*x - 6. What are the prime factors of k(16)?
2, 3, 23
Suppose 44 = -5*n + 4*w + 127, -3*n - 3*w + 39 = 0. What are the prime factors of n?
3, 5
Let q = -368 + 141. What are the prime factors of q/(-7) - (-3)/(-7)?
2
What are the prime factors of (-3)/7 + ((-25596)/(-42) - 1)?
2, 19
Suppose -2*j = 4*j - 24. Suppose 0 = -v - 4, 0*x + 3*x - 25 = j*v. Suppose -5*k = -x*u + 119, 3*u = -k - 3*k + 83. List the prime factors of u.
3, 11
Let t(s) = s**3 - 2*s**2 + s. Let z be t(2). Suppose 1 = -3*p - z*v + 2, 4*p = -3*v. Suppose x + 50 = p*x. List the prime factors of x.
5
Suppose 4*n + 6 = -10. Let y = 7 - n. List the prime factors of y.
11
What are the prime factors of ((-8)/24)/(18/(-329508))?
2, 3, 113
Suppose 23*i = 19*i + 44. Suppose -8*x = -13 - i. Suppose 3*z - 184 = -4*o, o = -2*z + x*z + 39. List the prime factors of o.
43
Let r be ((2 - -1)/(-1))/(-1). Suppose 2*q - 70 = 3*o - 1, -r*o = 5*q - 204. What are the prime factors of q?
3, 13
Let n = 331 + -109. List the prime factors of n.
2, 3, 37
Let h = 340 + -141. List the prime factors of h.
199
Let w = 1352 + -1348. Suppose -2*z + 4*z - 510 = -4*j, 3*j - 252 = -z. Suppose -15 = 5*s, 22 - z = -w*d - 3*s. What are the prime factors of d?
2, 31
Let z be ((-18)/(-15))/(9/30). Let b be 3/(-6) - (-2)/z. Suppose q = 6 - b. List the prime factors of q.
2, 3
Suppose 0 = 5*s - 0*s + 370. Let h = -32 - s. List the prime factors of h.
2, 3, 7
Let d(f) = f**3 + 6*f**2 - 19*f + 7. Let j be d(-8). Suppose 0 = -j*q + 28*q + 255. What are the prime factors of q?
5, 17
Suppose -4*s + 4 = -0, 4*b - 3009 = -5*s. What are the prime factors of b?
751
Suppose -2*f = -3*p + 15794, f = -17*p + 12*p + 26345. What are the prime factors of p?
2, 3, 439
Suppose -3*h - 7 = 8. List the prime factors of ((-6)/(-4) + (-5 - h))*38.
3, 19
Suppose 4*c - 427 - 845 = 0. What are the prime factors of c?
2, 3, 53
Suppose 0 = 8*y - 1366 - 7890. What are the prime factors of y?
13, 89
Let g = -82 + 54. Suppose 0 = 11*b - 10*b + 3. What are the prime factors of g/(-10) + b/(-15)?
3
Suppose 0*x - 40 = 4*i + 4*x, 2*x = i + 16. Let a = 12 + i. Suppose a = 5*y - 50 - 145. What are the prime factors of y?
3, 13
Let c(a) = -6*a - 14 - 17*a - 3 - a**2. List the prime factors of c(-19).
59
Suppose 0 = 2*j - 20 + 10. Suppose j*c - 10 - 5 = 0. List the prime factors of c.
3
Let x(i) = -10*i - i**3 + 2*i**3 - 140 - 10*i**2 + 146. Let v = -25 + 36. What are the prime factors of x(v)?
17
Let n(y) = -5*y**3 - y**2. Let v be n(-1). Let w be ((-34)/3)/((-2)/6). Suppose 3*i = -v*s + w, -s + 2*s - 3*i = 1. What are the prime factors of s?
7
Suppose -10 = -6*o + 8. Suppose 2*c = 5*m - 113 - 178, -3*c + 162 = o*m. List the prime factors of m.
3, 19
Suppose -3*j - 15 = -9, -d + 1769 = 4*j. List the prime factors of d.
1777
Let g be 0*(-2 - (-5)/2). Suppose g = -y + 4*p - 2*p + 37, 0 = -2*y - 5*p + 65. What are the prime factors of 52/(-10)*y/(-14)?
13
Let x = -3661 + 5982. List the prime factors of x.
11, 211
Let f be (-144)/792 + (-1082)/(-22) + 0. Let o = 210 + f. What are the prime factors of o?
7, 37
Suppose r = -4*r - 25. Let f = r - -7. Suppose -4 + 68 = f*b. List the prime factors of b.
2
Let d = -204 + 384. List the prime factors of (36/(-16))/((-3)/d*1).
3, 5
Let c be (-14)/(-4)*140/(-49). What are the prime factors of 32/160 + 1 + (-1298)/c?
131
Let n(k) = -5*k**2 + k + 3. Let u(j) = -j - 1. Let i(b) = -b**2 + 3*b + 3. Let m(d) = -i(d) - 2*u(d). Let r(p) = -4*m(p) - n(p). List the prime factors of r(3).
19
Let x = -26 + 45. Suppose -x*u = -16*u - 405. List the prime factors of u.
3, 5
Suppose -4*m - m + 3675 = -2*p, 0 = 3*m + 5*p - 2174. What are the prime factors of m?
733
Suppose -2*u + 360 = 2*f, -4*f - 140 = -3*u - 832. List the prime factors of f.
2, 11
Let l be -1*3 + 3514/14. Suppose l + 207 = 7*k. List the prime factors of k.
5, 13
Let z = 19 - 26. Let a(c) = 2*c**2 + 8*c + 9. What are the prime factors of a(z)?
3, 